{"id":243,"date":"2017-09-01T16:06:30","date_gmt":"2017-09-01T16:06:30","guid":{"rendered":"https:\/\/el-ka.hr\/slo\/?page_id=243"},"modified":"2025-01-05T17:21:58","modified_gmt":"2025-01-05T17:21:58","slug":"k-315","status":"publish","type":"page","link":"https:\/\/el-ka.hr\/slo\/k-315\/","title":{"rendered":"K-315"},"content":{"rendered":"<p>[vc_row][vc_column][vc_row_inner][vc_column_inner][vc_empty_space height=&#8221;50&#8243;][\/vc_column_inner][\/vc_row_inner][vc_row_inner][vc_column_inner width=&#8221;1\/3&#8243;][vc_column_text]<\/p>\n<div class=\"foogallery foogallery-container foogallery-thumbnail foogallery-single-thumbnail foogallery-lightbox-foobox fg-center fg-thumbnail fg-ready fg-light fg-border-thin fg-shadow-outline fg-loading-default fg-loaded-fade-in fg-caption-hover fg-hover-fade fg-hover-zoom\" id=\"foogallery-gallery-311\" data-foogallery=\"{&quot;item&quot;:{&quot;showCaptionTitle&quot;:true,&quot;showCaptionDescription&quot;:true},&quot;lazy&quot;:true}\" style=\"--fg-title-line-clamp: 0; --fg-description-line-clamp: 0;\" >\n    <div class=\"fg-item fg-type-image fg-idle\"><figure class=\"fg-item-inner\"><a href=\"https:\/\/el-ka.hr\/slo\/wp-content\/uploads\/2017\/09\/K-315-3.jpg\" data-attachment-id=\"646\" rel=\"lightbox[311]\" data-type=\"image\" class=\"fg-thumb\"><span class=\"fg-image-wrap\"><img fetchpriority=\"high\" decoding=\"async\" width=\"250\" height=\"200\" class=\"skip-lazy fg-image\" data-src-fg=\"https:\/\/el-ka.hr\/slo\/wp-content\/uploads\/cache\/2017\/09\/K-315-3\/4097876676.jpg\" src=\"data:image\/svg+xml,%3Csvg%20xmlns%3D%22http%3A%2F%2Fwww.w3.org%2F2000%2Fsvg%22%20width%3D%22250%22%20height%3D%22200%22%20viewBox%3D%220%200%20250%20200%22%3E%3C%2Fsvg%3E\" loading=\"eager\"><\/span><span class=\"fg-image-overlay\"><\/span><\/a><figcaption class=\"fg-caption\"><div class=\"fg-caption-inner\"><div class=\"fg-caption-title\">.<\/div><div class=\"fg-caption-desc\">Pogledajte\r\ngaleriju<\/div><\/div><\/figcaption><\/figure><div class=\"fg-loader\"><\/div><\/div>        <div class=\"fg-st-hidden\">\n        <div class=\"fg-item fg-type-image fg-idle\"><figure class=\"fg-item-inner\"><a href=\"https:\/\/el-ka.hr\/slo\/wp-content\/uploads\/2017\/09\/K-315-1.jpg\" data-attachment-id=\"644\" rel=\"lightbox[311]\" data-type=\"image\" class=\"fg-thumb\"><span class=\"fg-image-wrap\"><img decoding=\"async\" width=\"250\" height=\"200\" class=\"skip-lazy fg-image\" data-src-fg=\"https:\/\/el-ka.hr\/slo\/wp-content\/uploads\/cache\/2017\/09\/K-315-1\/960320636.jpg\" src=\"data:image\/svg+xml,%3Csvg%20xmlns%3D%22http%3A%2F%2Fwww.w3.org%2F2000%2Fsvg%22%20width%3D%22250%22%20height%3D%22200%22%20viewBox%3D%220%200%20250%20200%22%3E%3C%2Fsvg%3E\" loading=\"eager\"><\/span><span class=\"fg-image-overlay\"><\/span><\/a><\/figure><div class=\"fg-loader\"><\/div><\/div><div class=\"fg-item fg-type-image fg-idle\"><figure class=\"fg-item-inner\"><a href=\"https:\/\/el-ka.hr\/slo\/wp-content\/uploads\/2017\/09\/K-315-2.jpg\" data-attachment-id=\"645\" rel=\"lightbox[311]\" data-type=\"image\" class=\"fg-thumb\"><span class=\"fg-image-wrap\"><img decoding=\"async\" width=\"250\" height=\"200\" class=\"skip-lazy fg-image\" data-src-fg=\"https:\/\/el-ka.hr\/slo\/wp-content\/uploads\/cache\/2017\/09\/K-315-2\/3650011823.jpg\" src=\"data:image\/svg+xml,%3Csvg%20xmlns%3D%22http%3A%2F%2Fwww.w3.org%2F2000%2Fsvg%22%20width%3D%22250%22%20height%3D%22200%22%20viewBox%3D%220%200%20250%20200%22%3E%3C%2Fsvg%3E\" loading=\"eager\"><\/span><span class=\"fg-image-overlay\"><\/span><\/a><\/figure><div class=\"fg-loader\"><\/div><\/div><div class=\"fg-item fg-type-image fg-idle\"><figure class=\"fg-item-inner\"><a href=\"https:\/\/el-ka.hr\/slo\/wp-content\/uploads\/2017\/09\/K-315-4.jpg\" data-attachment-id=\"647\" rel=\"lightbox[311]\" data-type=\"image\" class=\"fg-thumb\"><span class=\"fg-image-wrap\"><img decoding=\"async\" width=\"250\" height=\"200\" class=\"skip-lazy fg-image\" data-src-fg=\"https:\/\/el-ka.hr\/slo\/wp-content\/uploads\/cache\/2017\/09\/K-315-4\/3281578312.jpg\" src=\"data:image\/svg+xml,%3Csvg%20xmlns%3D%22http%3A%2F%2Fwww.w3.org%2F2000%2Fsvg%22%20width%3D%22250%22%20height%3D%22200%22%20viewBox%3D%220%200%20250%20200%22%3E%3C%2Fsvg%3E\" loading=\"eager\"><\/span><span class=\"fg-image-overlay\"><\/span><\/a><\/figure><div class=\"fg-loader\"><\/div><\/div>    <\/div>\n<\/div>\n\n<p>[\/vc_column_text][\/vc_column_inner][vc_column_inner width=&#8221;2\/3&#8243;][vc_column_text]<span style=\"color: #000000;\"><strong>Kalimero\u00a0 K-315<\/strong><\/span><\/p>\n<p><strong>KAPACITET :\u00a0<\/strong><\/p>\n<p>315 koko\u0161jih jaja u svih 5 slojeva<br \/>\nAko je donji sloj valionik tada<br \/>\nu ostala 4 sloja stanu 252 jaja.<br \/>\nZa sitna jaja koristimo ladice LPF-120<br \/>\npa u svaku stane 120 do 140 jaja.<\/p>\n<p>Inkubator ima dupli regulator temperature<br \/>\ni automatsku regulaciju vlage.<br \/>\nElektronika kontrolira vla\u017enost zraka<br \/>\npa uz pomo\u010d pumpice upravlja doziranjem<br \/>\nvode.<\/p>\n<p>Za vrijeme le\u017eenja mogu\u010de je u donjem<br \/>\nsloju smanjiti temperaturu za 0,5 stupnjeva.<\/p>\n<p>Ku\u010di\u0161te inkubatora izra\u0111eno je od izolacionih<br \/>\nsendvi\u010d plo\u010da, plastika stirodur plastika,<br \/>\ndebljina stjenki je 36mm<br \/>\nTime je osigurana minimalna potro\u0161nja energije.<\/p>\n<p>U navedenu cjenu ura\u010dunat je jedan komplet ladica.<br \/>\n4 ladice ( za koko\u0161i ili prepelice ) + gajbica.<br \/>\nGarancija na ispravnost je 2 godine.<br \/>\n<span style=\"color: #ff0000;\"><strong>Cijena inkubatora:\u00a0 \u00a0 1200 \u20ac<br \/>\n<\/strong><\/span>[\/vc_column_text][vc_btn title=&#8221;&#8230;&#8230;&#8230;&#8230;&#8230;.&#8221; style=&#8221;flat&#8221; shape=&#8221;square&#8221; color=&#8221;sky&#8221; i_icon_fontawesome=&#8221;fa fa-file-pdf-o&#8221; add_icon=&#8221;true&#8221;][\/vc_column_inner][\/vc_row_inner][\/vc_column][vc_column][\/vc_column][\/vc_row]<\/p>\n","protected":false},"excerpt":{"rendered":"<p>[vc_row][vc_column][vc_row_inner][vc_column_inner][vc_empty_space height=&#8221;50&#8243;][\/vc_column_inner][\/vc_row_inner][vc_row_inner][vc_column_inner width=&#8221;1\/3&#8243;][vc_column_text] [\/vc_column_text][\/vc_column_inner][vc_column_inner width=&#8221;2\/3&#8243;][vc_column_text]Kalimero\u00a0 K-315 KAPACITET :\u00a0 315 koko\u0161jih jaja u svih 5 slojeva Ako je donji sloj valionik tada u ostala 4 sloja stanu 252 jaja. Za sitna jaja koristimo ladice LPF-120 pa u svaku stane 120 do 140 jaja. Inkubator ima dupli regulator temperature i automatsku regulaciju vlage. Elektronika kontrolira vla\u017enost zraka<a class=\"moretag\" href=\"https:\/\/el-ka.hr\/slo\/k-315\/\"><span class=\"screen-reader-text\">Read more about K-315<\/span>[&#8230;]<\/a><\/p>\n","protected":false},"author":1,"featured_media":0,"parent":0,"menu_order":0,"comment_status":"closed","ping_status":"closed","template":"","meta":{"_exactmetrics_skip_tracking":false,"_exactmetrics_sitenote_active":false,"_exactmetrics_sitenote_note":"","_exactmetrics_sitenote_category":0,"footnotes":""},"class_list":["post-243","page","type-page","status-publish","hentry"],"yoast_head":"<!-- This site is optimized with the Yoast SEO plugin v26.7 - https:\/\/yoast.com\/wordpress\/plugins\/seo\/ -->\n<title>K-315 - El-KA elektromehanika<\/title>\n<meta name=\"robots\" content=\"index, follow, max-snippet:-1, max-image-preview:large, max-video-preview:-1\" \/>\n<link rel=\"canonical\" href=\"https:\/\/el-ka.hr\/slo\/k-315\/\" \/>\n<meta property=\"og:locale\" content=\"hr_HR\" \/>\n<meta property=\"og:type\" content=\"article\" \/>\n<meta property=\"og:title\" content=\"K-315 - El-KA elektromehanika\" \/>\n<meta property=\"og:description\" content=\"[vc_row][vc_column][vc_row_inner][vc_column_inner][vc_empty_space height=&#8221;50&#8243;][\/vc_column_inner][\/vc_row_inner][vc_row_inner][vc_column_inner width=&#8221;1\/3&#8243;][vc_column_text] [\/vc_column_text][\/vc_column_inner][vc_column_inner width=&#8221;2\/3&#8243;][vc_column_text]Kalimero\u00a0 K-315 KAPACITET :\u00a0 315 koko\u0161jih jaja u svih 5 slojeva Ako je donji sloj valionik tada u ostala 4 sloja stanu 252 jaja. Za sitna jaja koristimo ladice LPF-120 pa u svaku stane 120 do 140 jaja. Inkubator ima dupli regulator temperature i automatsku regulaciju vlage. Elektronika kontrolira vla\u017enost zrakaRead more about K-315[...]\" \/>\n<meta property=\"og:url\" content=\"https:\/\/el-ka.hr\/slo\/k-315\/\" \/>\n<meta property=\"og:site_name\" content=\"El-KA elektromehanika\" \/>\n<meta property=\"article:modified_time\" content=\"2025-01-05T17:21:58+00:00\" \/>\n<meta name=\"twitter:card\" content=\"summary_large_image\" \/>\n<meta name=\"twitter:label1\" content=\"Procijenjeno vrijeme \u010ditanja\" \/>\n\t<meta name=\"twitter:data1\" content=\"1 minuta\" \/>\n<script type=\"application\/ld+json\" class=\"yoast-schema-graph\">{\"@context\":\"https:\/\/schema.org\",\"@graph\":[{\"@type\":\"WebPage\",\"@id\":\"https:\/\/el-ka.hr\/slo\/k-315\/\",\"url\":\"https:\/\/el-ka.hr\/slo\/k-315\/\",\"name\":\"K-315 - El-KA elektromehanika\",\"isPartOf\":{\"@id\":\"https:\/\/el-ka.hr\/slo\/#website\"},\"datePublished\":\"2017-09-01T16:06:30+00:00\",\"dateModified\":\"2025-01-05T17:21:58+00:00\",\"breadcrumb\":{\"@id\":\"https:\/\/el-ka.hr\/slo\/k-315\/#breadcrumb\"},\"inLanguage\":\"hr\",\"potentialAction\":[{\"@type\":\"ReadAction\",\"target\":[\"https:\/\/el-ka.hr\/slo\/k-315\/\"]}]},{\"@type\":\"BreadcrumbList\",\"@id\":\"https:\/\/el-ka.hr\/slo\/k-315\/#breadcrumb\",\"itemListElement\":[{\"@type\":\"ListItem\",\"position\":1,\"name\":\"Po\u010detna stranica\",\"item\":\"https:\/\/el-ka.hr\/slo\/\"},{\"@type\":\"ListItem\",\"position\":2,\"name\":\"K-315\"}]},{\"@type\":\"WebSite\",\"@id\":\"https:\/\/el-ka.hr\/slo\/#website\",\"url\":\"https:\/\/el-ka.hr\/slo\/\",\"name\":\"El-KA elektromehanika\",\"description\":\"\",\"potentialAction\":[{\"@type\":\"SearchAction\",\"target\":{\"@type\":\"EntryPoint\",\"urlTemplate\":\"https:\/\/el-ka.hr\/slo\/?s={search_term_string}\"},\"query-input\":{\"@type\":\"PropertyValueSpecification\",\"valueRequired\":true,\"valueName\":\"search_term_string\"}}],\"inLanguage\":\"hr\"}]}<\/script>\n<!-- \/ Yoast SEO plugin. -->","yoast_head_json":{"title":"K-315 - El-KA elektromehanika","robots":{"index":"index","follow":"follow","max-snippet":"max-snippet:-1","max-image-preview":"max-image-preview:large","max-video-preview":"max-video-preview:-1"},"canonical":"https:\/\/el-ka.hr\/slo\/k-315\/","og_locale":"hr_HR","og_type":"article","og_title":"K-315 - El-KA elektromehanika","og_description":"[vc_row][vc_column][vc_row_inner][vc_column_inner][vc_empty_space height=&#8221;50&#8243;][\/vc_column_inner][\/vc_row_inner][vc_row_inner][vc_column_inner width=&#8221;1\/3&#8243;][vc_column_text] [\/vc_column_text][\/vc_column_inner][vc_column_inner width=&#8221;2\/3&#8243;][vc_column_text]Kalimero\u00a0 K-315 KAPACITET :\u00a0 315 koko\u0161jih jaja u svih 5 slojeva Ako je donji sloj valionik tada u ostala 4 sloja stanu 252 jaja. Za sitna jaja koristimo ladice LPF-120 pa u svaku stane 120 do 140 jaja. Inkubator ima dupli regulator temperature i automatsku regulaciju vlage. Elektronika kontrolira vla\u017enost zrakaRead more about K-315[...]","og_url":"https:\/\/el-ka.hr\/slo\/k-315\/","og_site_name":"El-KA elektromehanika","article_modified_time":"2025-01-05T17:21:58+00:00","twitter_card":"summary_large_image","twitter_misc":{"Procijenjeno vrijeme \u010ditanja":"1 minuta"},"schema":{"@context":"https:\/\/schema.org","@graph":[{"@type":"WebPage","@id":"https:\/\/el-ka.hr\/slo\/k-315\/","url":"https:\/\/el-ka.hr\/slo\/k-315\/","name":"K-315 - El-KA elektromehanika","isPartOf":{"@id":"https:\/\/el-ka.hr\/slo\/#website"},"datePublished":"2017-09-01T16:06:30+00:00","dateModified":"2025-01-05T17:21:58+00:00","breadcrumb":{"@id":"https:\/\/el-ka.hr\/slo\/k-315\/#breadcrumb"},"inLanguage":"hr","potentialAction":[{"@type":"ReadAction","target":["https:\/\/el-ka.hr\/slo\/k-315\/"]}]},{"@type":"BreadcrumbList","@id":"https:\/\/el-ka.hr\/slo\/k-315\/#breadcrumb","itemListElement":[{"@type":"ListItem","position":1,"name":"Po\u010detna stranica","item":"https:\/\/el-ka.hr\/slo\/"},{"@type":"ListItem","position":2,"name":"K-315"}]},{"@type":"WebSite","@id":"https:\/\/el-ka.hr\/slo\/#website","url":"https:\/\/el-ka.hr\/slo\/","name":"El-KA elektromehanika","description":"","potentialAction":[{"@type":"SearchAction","target":{"@type":"EntryPoint","urlTemplate":"https:\/\/el-ka.hr\/slo\/?s={search_term_string}"},"query-input":{"@type":"PropertyValueSpecification","valueRequired":true,"valueName":"search_term_string"}}],"inLanguage":"hr"}]}},"_links":{"self":[{"href":"https:\/\/el-ka.hr\/slo\/wp-json\/wp\/v2\/pages\/243","targetHints":{"allow":["GET"]}}],"collection":[{"href":"https:\/\/el-ka.hr\/slo\/wp-json\/wp\/v2\/pages"}],"about":[{"href":"https:\/\/el-ka.hr\/slo\/wp-json\/wp\/v2\/types\/page"}],"author":[{"embeddable":true,"href":"https:\/\/el-ka.hr\/slo\/wp-json\/wp\/v2\/users\/1"}],"replies":[{"embeddable":true,"href":"https:\/\/el-ka.hr\/slo\/wp-json\/wp\/v2\/comments?post=243"}],"version-history":[{"count":16,"href":"https:\/\/el-ka.hr\/slo\/wp-json\/wp\/v2\/pages\/243\/revisions"}],"predecessor-version":[{"id":991,"href":"https:\/\/el-ka.hr\/slo\/wp-json\/wp\/v2\/pages\/243\/revisions\/991"}],"wp:attachment":[{"href":"https:\/\/el-ka.hr\/slo\/wp-json\/wp\/v2\/media?parent=243"}],"curies":[{"name":"wp","href":"https:\/\/api.w.org\/{rel}","templated":true}]}}